543
List the prime factors of 194433.
3, 64811
What are the prime factors of 476067?
3, 31, 5119
List the prime factors of 425415.
3, 5, 79, 359
List the prime factors of 1960079.
11, 97, 167
What are the prime factors of 6842378?
2, 149, 22961
What are the prime factors of 19060830?
2, 3, 5, 29, 67, 109
What are the prime factors of 349370?
2, 5, 7, 23, 31
What are the prime factors of 3282682?
2, 13, 126257
List the prime factors of 78834.
2, 3, 7, 1877
List the prime factors of 1313435.
5, 41, 43, 149
What are the prime factors of 66789?
3, 41, 181
List the prime factors of 18809.
7, 2687
List the prime factors of 506522.
2, 463, 547
List the prime factors of 268207.
268207
List the prime factors of 23133.
3, 11, 701
What are the prime factors of 5355?
3, 5, 7, 17
What are the prime factors of 4585792?
2, 79, 907
List the prime factors of 1184858.
2, 592429
List the prime factors of 199193.
199193
What are the prime factors of 557612?
2, 11, 19, 23, 29
What are the prime factors of 202439?
97, 2087
What are the prime factors of 1511001?
3, 191, 293
List the prime factors of 31127186.
2, 15563593
What are the prime factors of 261319?
29, 9011
What are the prime factors of 4281377?
73, 223, 263
List the prime factors of 437561.
569, 769
What are the prime factors of 24362475?
3, 5, 157, 2069
What are the prime factors of 892772?
2, 17, 19, 691
What are the prime factors of 13048025?
5, 71, 7351
What are the prime factors of 55196?
2, 13799
What are the prime factors of 1355443?
1355443
List the prime factors of 307809.
3, 23, 1487
List the prime factors of 398759.
398759
List the prime factors of 227101.
7, 32443
What are the prime factors of 9310691?
13, 83, 8629
List the prime factors of 727485.
3, 5, 11, 4409
What are the prime factors of 398043?
3, 47, 941
What are the prime factors of 8989441?
127, 70783
What are the prime factors of 56818?
2, 28409
List the prime factors of 10635437.
2441, 4357
List the prime factors of 145752.
2, 3, 6073
List the prime factors of 704906.
2, 47, 7499
What are the prime factors of 6723633?
3, 7, 53, 863
List the prime factors of 11693284.
2, 19, 53, 2903
List the prime factors of 13114453.
11, 257, 4639
List the prime factors of 5382500.
2, 5, 2153
What are the prime factors of 121303?
7, 13, 31, 43
List the prime factors of 15125627.
11, 71, 107, 181
What are the prime factors of 10087832?
2, 1260979
List the prime factors of 253847.
11, 47, 491
List the prime factors of 15531278.
2, 7, 59, 18803
List the prime factors of 464328.
2, 3, 6449
List the prime factors of 626452.
2, 199, 787
List the prime factors of 144168.
2, 3, 6007
List the prime factors of 3000251.
3000251
List the prime factors of 701624.
2, 7, 11, 17, 67
What are the prime factors of 34104457?
34104457
What are the prime factors of 204148?
2, 7, 23, 317
List the prime factors of 7879917.
3, 2626639
What are the prime factors of 167773?
17, 71, 139
What are the prime factors of 80868?
2, 3, 23, 293
List the prime factors of 3307723.
67, 49369
What are the prime factors of 1010177?
7, 144311
What are the prime factors of 2573714?
2, 11, 13, 8999
List the prime factors of 1022450.
2, 5, 11, 13
List the prime factors of 83277.
3, 19, 487
List the prime factors of 1076288.
2, 67, 251
List the prime factors of 964781.
23, 41947
What are the prime factors of 242352?
2, 3, 11, 17
What are the prime factors of 2751655?
5, 131, 4201
List the prime factors of 647694.
2, 3, 35983
What are the prime factors of 1500045?
3, 5, 100003
What are the prime factors of 4434471?
3, 492719
List the prime factors of 2963597.
7, 13, 29, 1123
List the prime factors of 15131957.
139, 108863
List the prime factors of 370530.
2, 3, 5, 23, 179
List the prime factors of 7629105.
3, 5, 11, 46237
What are the prime factors of 1260755?
5, 252151
What are the prime factors of 2425648?
2, 151603
What are the prime factors of 416769?
3, 138923
List the prime factors of 36655.
5, 7331
What are the prime factors of 227791?
19, 631
What are the prime factors of 209067?
3, 227, 307
What are the prime factors of 4474333?
683, 6551
What are the prime factors of 1501161?
3, 617, 811
What are the prime factors of 527366?
2, 7, 139, 271
List the prime factors of 2851385.
5, 487, 1171
List the prime factors of 855178.
2, 41, 10429
List the prime factors of 2083694.
2, 43, 24229
List the prime factors of 1633297.
19, 31, 47, 59
List the prime factors of 6960915.
3, 5, 13, 73, 163
What are the prime factors of 786654?
2, 3, 11, 29, 137
List the prime factors of 7957697.
11, 107, 6761
What are the prime factors of 2924397?
3, 7, 15473
List the prime factors of 13408456.
2, 521, 3217
What are the prime factors of 4799195?
5, 211, 4549
List the prime factors of 443724.
2, 3, 103, 359
What are the prime factors of 2040940?
2, 5, 11, 9277
What are the prime factors of 3338480?
2, 5, 29, 1439
What are the prime factors of 66365?
5, 13, 1021
What are the prime factors of 21760668?
2, 3, 23, 41, 641
What are the prime factors of 311317?
419, 743
What are the prime factors of 5659601?
991, 5711
What are the prime factors of 9085159?
1721, 5279
What are the prime factors of 291598?
2, 145799
What are the prime factors of 4546587?
3, 257, 5897
What are the prime factors of 466746?
2, 3, 7, 11113
List the prime factors of 36141.
3, 7, 1721
What are the prime factors of 2754145?
5, 19, 53, 547
List the prime factors of 7742257.
2237, 3461
What are the prime factors of 6632056?
2, 719, 1153
List the prime factors of 9052148.
2, 7, 151, 2141
What are the prime factors of 940916?
2, 17, 101, 137
List the prime factors of 4968042.
2, 3, 828007
What are the prime factors of 356423?
61, 5843
What are the prime factors of 2316595?
5, 463319
What are the prime factors of 216849?
3, 41, 43
What are the prime factors of 11673761?
11, 1061251
List the prime factors of 602600.
2, 5, 23, 131
What are the prime factors of 2981817?
3, 17, 19489
What are the prime factors of 1705355?
5, 17, 20063
List the prime factors of 105598.
2, 37, 1427
What are the prime factors of 187618?
2, 93809
List the prime factors of 1113852.
2, 3, 92821
List the prime factors of 5070732.
2, 3, 31, 43, 317
What are the prime factors of 1143825?
3, 5, 101, 151
List the prime factors of 6812367.
3, 199, 11411
What are the prime factors of 1178363?
1178363
List the prime factors of 16545385.
5, 3309077
What are the prime factors of 2430291?
3, 67, 107, 113
What are the prime factors of 1057170?
2, 3, 5, 131, 269
What are the prime factors of 4524939?
3, 502771
List the prime factors of 24272381.
7, 3467483
List the prime factors of 14306223.
3, 1973, 2417
What are the prime factors of 409460?
2, 5, 59, 347
List the prime factors of 2244184.
2, 163, 1721
List the prime factors of 1245472.
2, 38921
List the prime factors of 894870.
2, 3, 5, 61, 163
List the prime factors of 1723602.
2, 3, 103, 2789
What are the prime factors of 19813711?
19813711
List the prime factors of 1579694.
2, 789847
What are the prime factors of 184445?
5, 37, 997
List the prime factors of 963071.
43, 22397
List the prime factors of 97403.
257, 379
List the prime factors of 1561859.
13, 317, 379
List the prime factors of 32125598.
2, 16062799
List the prime factors of 156846.
2, 3, 26141
List the prime factors of 508518.
2, 3, 43, 73
List the prime factors of 976719.
3, 211, 1543
List the prime factors of 6622163.
17, 389539
What are the prime factors of 4470754?
2, 2235377
What are the prime factors of 2812609?
2812609
List the prime factors of 52743.
3, 17581
List the prime factors of 1362306.
2, 3, 11, 20641
What are the prime factors of 87097?
251, 347
What are the prime factors of 4206113?
127, 33119
List the prime factors of 584700.
2, 3, 5, 1949
What are the prime factors of 24481673?
131, 186883
List the prime factors of 149029.
71, 2099
What are the prime factors of 181052?
2, 45263
List the prime factors of 22662502.
2, 11331251
List the prime factors of 3490870.
2, 5, 19, 967
What are the prime factors of 2098403?
2098403
What are the prime factors of 695452?
2, 37, 127
What are the prime factors of 628632?
2, 3, 8731
What are the prime factors of 27285116?
2, 593, 11503
What are the prime factors of 197700?
2, 3, 5, 659
List the prime factors of 